e 15, what is -1b - -698?
67c
In base 7, what is 0 + -160?
-160
In base 13, what is -8b - 4?
-92
In base 15, what is -8 - 39a?
-3a3
In base 12, what is -5 - -1aa?
1a5
In base 13, what is 3550 + 5?
3555
In base 3, what is 102212 - -2?
102221
In base 5, what is 100 + -2044?
-1444
In base 6, what is 34 - -5?
43
In base 10, what is 11 - -2?
13
In base 7, what is -3504 - -26?
-3445
In base 7, what is -2 + 561?
556
In base 13, what is -43 + -2?
-45
In base 6, what is 5 - 402?
-353
In base 7, what is 4 - 536?
-532
In base 2, what is -1000001 - -10?
-111111
In base 16, what is -3 - 6a?
-6d
In base 15, what is -4 + -14b?
-150
In base 15, what is ac + 68?
125
In base 13, what is -79 - -33?
-46
In base 11, what is 5 - -40a?
414
In base 13, what is -4 - 11c5?
-11c9
In base 11, what is -6 - 1062?
-1068
In base 7, what is 4 - 10666?
-10662
In base 13, what is 5 - -146?
14b
In base 3, what is 12 + -1200?
-1111
In base 7, what is 3 + 26?
32
In base 11, what is -13a1 - 3?
-13a4
In base 4, what is 10 + -300?
-230
In base 13, what is -4 + -a1?
-a5
In base 8, what is 2 - 31?
-27
In base 4, what is -11202 - 11?
-11213
In base 6, what is 414200 - -2?
414202
In base 14, what is 1 + 66?
67
In base 12, what is -25b + -3?
-262
In base 9, what is -4 + -1326?
-1331
In base 5, what is 4 + -33?
-24
In base 16, what is 12 - 34?
-22
In base 11, what is -32a - 2?
-331
In base 2, what is -10011 + 11011?
1000
In base 8, what is -3745 - 5?
-3752
In base 5, what is -1304 - -2?
-1302
In base 15, what is 579 - 1?
578
In base 4, what is 32 + -22?
10
In base 15, what is -20 - -b?
-14
In base 15, what is -c8 - 5?
-cd
In base 11, what is 184 - 1?
183
In base 3, what is -11 + -2020010?
-2020021
In base 3, what is 20 - -10020221?
10021011
In base 7, what is 34246 - -1?
34250
In base 8, what is 3 + 204?
207
In base 3, what is -1121212 - 1?
-1121220
In base 8, what is 100 + -5?
73
In base 16, what is -5 - 184?
-189
In base 9, what is 7 + -264?
-256
In base 16, what is -104 + 4?
-100
In base 2, what is 1010 + 1011010001?
1011011011
In base 5, what is -342 - -10?
-332
In base 10, what is 206 + -1?
205
In base 8, what is -3 + -123?
-126
In base 15, what is -14e9 - -1?
-14e8
In base 10, what is 22 - 24?
-2
In base 3, what is 1 + 20221?
20222
In base 2, what is -1110000000 - 10011?
-1110010011
In base 16, what is -3 - -10c?
109
In base 15, what is -13 - -ee?
db
In base 16, what is 1 - 3f?
-3e
In base 12, what is 9 + -8?
1
In base 8, what is 10646 - -2?
10650
In base 15, what is 2636 - 2?
2634
In base 13, what is -77 + -44?
-bb
In base 9, what is 1261 + -4?
1256
In base 9, what is -228 + -1?
-230
In base 12, what is 0 + -127?
-127
In base 9, what is 147 + 11?
158
In base 8, what is 35 + 63?
120
In base 3, what is -10210210 - 10?
-10210220
In base 14, what is -37 + c?
-29
In base 5, what is -4204 - -41?
-4113
In base 7, what is -10461 - 1?
-10462
In base 9, what is 60472 + 1?
60473
In base 4, what is 10032 + -11?
10021
In base 14, what is -3 - 98?
-9b
In base 12, what is 4b - 3?
48
In base 5, what is -4 + 24012?
24003
In base 13, what is -9c + -112?
-1b1
In base 11, what is 12a - 5?
125
In base 14, what is 99 + -7?
92
In base 4, what is -131 - -22?
-103
In base 3, what is 102012 + -121?
101121
In base 6, what is 0 - -1053?
1053
In base 9, what is -18 + -20?
-38
In base 13, what is c - -210?
21c
In base 5, what is -2344 - 200?
-3044
In base 16, what is 28a - -2?
28c
In base 10, what is -28 - 60?
-88
In base 7, what is -1122 - 5?
-1130
In base 3, what is -21211 + -2121?
-101102
In base 14, what is 81b + -2?
819
In base 6, what is 243 + 2?
245
In base 13, what is -5 - 481?
-486
In base 4, what is -231313 + -1?
-231320
In base 5, what is 104443 - -14?
110012
In base 11, what is -833 - -4?
-82a
In base 10, what is 3 + -14?
-11
In base 5, what is -414 + -42?
-1011
In base 5, what is -1 - 142012?
-142013
In base 11, what is 125 + 50?
175
In base 6, what is 3 + -24?
-21
In base 8, what is 143 + 2?
145
In base 10, what is -24667 + 2?
-24665
In base 15, what is -162 + -2?
-164
In base 6, what is 13 + 4?
21
In base 9, what is 4 + 2?
6
In base 13, what is -1b4 + -4?
-1b8
In base 7, what is -6 - 135?
-144
In base 6, what is 1 - 1153?
-1152
In base 8, what is -141 - 0?
-141
In base 7, what is -1 + 62?
61
In base 8, what is 171 + 24?
215
In base 5, what is 1 + -4443?
-4442
In base 8, what is -506 - 15?
-523
In base 8, what is 46 - 15?
31
In base 8, what is 427 + -5?
422
In base 14, what is -26 - 11?
-37
In base 9, what is -17 - -45?
27
In base 8, what is 0 + -416?
-416
In base 15, what is 3 + -381?
-37d
In base 9, what is 1 - -111?
112
In base 10, what is -30125 + 0?
-30125
In base 14, what is 3c5 + 2?
3c7
In base 16, what is f6 + 2?
f8
In base 14, what is -23 - -194?
171
In base 6, what is 2 - 2521?
-2515
In base 3, what is -10200 + -12122?
-100022
In base 3, what is -1112 + -20?
-1202
In base 7, what is -1 - 366?
-400
In base 2, what is 10 + -10111111?
-10111101
In base 4, what is -1 - 132?
-133
In base 2, what is -110011010 + -111?
-110100001
In base 3, what is -22 - -1200?
1101
In base 13, what is 91 + 1?
92
In base 7, what is -3 + 36?
33
In base 15, what is 23 + 4?
27
In base 16, what is e - 5?
9
In base 8, what is 0 + -62?
-62
In base 4, what is 113032 + -10?
113022
In base 10, what is 4 - 91?
-87
In base 16, what is -2b - a?
-35
In base 13, what is 1a + -1a?
0
In base 5, what is 10 + 31413?
31423
In base 3, what is 12 - 2122?
-2110
In base 14, what is 27 + d?
36
In base 7, what is -142014 + 0?
-142014
In base 5, what is -1203 + -4?
-1212
In base 3, what is 201200 + 11?
201211
In base 11, what is 2 + -21?
-1a
In base 8, what is -275 + 4?
-271
In base 10, what is -827 + 0?
-827
In base 5, what is 333 + 204?
1042
In base 12, what is 2 - -60?
62
In base 9, what is -125 - 208?
-334
In base 11, what is 201 + 2?
203
In base 15, what is 1e + -a?
14
In base 15, what is 6791 - 0?
6791
In base 4, what is -100 + -3?
-103
In base 12, what is 5 - -207?
210
In base 9, what is -605 + 6?
-588
In base 2, what is -1010100011 - 0?
-1010100011
In base 5, what is -4 - 1412?
-1421
In base 14, what is 4d0 - -5?
4d5
In base 3, what is 12020212 + 0?
12020212
In base 15, what is 1 - d5?
-d4
In base 10, what is -301 - 5?
-306
In base 12, what is -943 + 3?
-940
In base 8, what is 311 + -30?
261
In base 13, what is -2 + -b?
-10
In base 3, what is -22 + -11?
-110
In base 7, what is 4 - 110?
-103
In base 12, what is 21 + 26?
47
In base 13, what is 3ca + 1?
3cb
In base 14, what is 6 + 1?
7
In base 16, what is -a + -11?
-1b
In base 16, what is 1a - 4?
16
In base 12, what is -43 + 1?
-42
In base 16, what is -8 + 201?
1f9
In base 6, what is -12 - -21?
5
In base 12, what is 38 + 1?
39
In base 15, what is -4 - -881?
87c
In base 11, what is 4 - -152?
156
In base 16, what is 8 + -3b?
-33
In base 6, what is -10 + 140?
130
In base 8, what is 24 + 6?
32
In base 7, what is 64 + 22?
116
In base 14, what is -c0 + -1?
-c1
In base 2, what is 1010101111 + 10?
1010110001
In base 5, what is -1041 + 1?
-1040
In base 5, what is 21 + 14?
40
In base 7, what is -16 - 522?
-541
In base 13, what is -12 + 4?
-b
In base 7, what is 1 + -655?
-654
In base 16, what is 273 - -3?
276
In base 2, what is -1010 + 111011?
110001
In base 5, what is 0 + -2222?
-2222
In base 12, what is b + -3?
8
In base 11, what is 154 + 0?
154
In base 12, what is -1 + 89?
88
In base 7, what is 4 - -404?
411
In base 4, what is 10023 + -2?
10021
In base 5, what is 32423 - -10?
32433
In base 6, what is 1353 + 0?
1353
In base 16, what is 2 + -23bf?
-23bd
In base 11, what is -82 + -13?
-95
In base 13, what is -2 + -84?
-86
In base 13, what is 541 + 3?
544
In base 4, what is -330301 + -12?
-330313
In base 6, what is 104 + 34?
142
In base 13, what is 5 - -273?
278
In base 14, what is 58 - 3?
55
In base 10, what is 5 + -239?
-234
In base 14, what is 1843 + -3?
1840
In base 8, what is 7 - -61?
70
In base 12, what is 5 + 989?
992
In base 6, what is 0 + -2031?
-2031
In base 16, what is -5 + -17?
-1c
In base 4, what is 1 + 13032?
13033
In base 9, what is -1 - 887?
-888
In base 13, what is -5 + 1?
-4
In base 8, what is -1 + 12?
11
In base 4, what is 2 - -1122?
1130
In base 9, what is -7875 - -5?
-7870
In base 9, what is -4 - -12004?
12000
In base 15, what is 9e - 1?
9d
In base 12, what is -60 - -1